(base 14) to base 3
200
What is -7 (base 10) in base 11?
-7
What is -101 (base 3) in base 11?
-a
What is -24 (base 16) in base 12?
-30
Convert -b (base 15) to base 10.
-11
Convert 0 (base 10) to base 5.
0
What is 3 (base 16) in base 12?
3
What is -1e (base 16) in base 13?
-24
Convert 1 (base 14) to base 6.
1
What is 3 (base 9) in base 13?
3
Convert 45 (base 11) to base 4.
301
-3 (base 7) to base 2
-11
What is -14 (base 13) in base 11?
-16
Convert 120 (base 4) to base 14.
1a
What is -90 (base 11) in base 16?
-63
Convert -1 (base 9) to base 10.
-1
-4 (base 15) to base 11
-4
What is -29 (base 15) in base 9?
-43
Convert -19 (base 15) to base 5.
-44
What is -14 (base 15) in base 16?
-13
40 (base 13) to base 12
44
Convert -12 (base 8) to base 11.
-a
Convert -5 (base 12) to base 7.
-5
What is -12 (base 15) in base 6?
-25
Convert 2 (base 15) to base 12.
2
Convert -10 (base 12) to base 6.
-20
Convert -6 (base 15) to base 7.
-6
4 (base 11) to base 12
4
What is 132 (base 4) in base 9?
33
2 (base 4) to base 8
2
What is -3 (base 9) in base 12?
-3
What is -3 (base 16) in base 6?
-3
Convert 101 (base 4) to base 7.
23
What is -14 (base 5) in base 12?
-9
What is -155 (base 10) in base 11?
-131
What is -1211 (base 3) in base 14?
-37
Convert -37 (base 9) to base 3.
-1021
What is 20 (base 3) in base 7?
6
Convert -20 (base 4) to base 7.
-11
Convert 1001001 (base 2) to base 9.
81
Convert -16 (base 14) to base 2.
-10100
Convert 23 (base 5) to base 4.
31
1 (base 16) to base 3
1
What is -a9 (base 16) in base 2?
-10101001
What is -2 (base 6) in base 16?
-2
What is 48 (base 10) in base 16?
30
What is -451 (base 6) in base 13?
-106
Convert 5 (base 8) to base 12.
5
-187 (base 10) to base 8
-273
1 (base 7) to base 11
1
What is -1 (base 10) in base 8?
-1
Convert -10 (base 10) to base 11.
-a
Convert -11 (base 3) to base 7.
-4
74 (base 10) to base 2
1001010
9 (base 12) to base 4
21
27 (base 10) to base 11
25
-4 (base 13) to base 5
-4
3 (base 15) to base 9
3
12 (base 3) to base 6
5
What is 13 (base 14) in base 10?
17
Convert 2 (base 16) to base 2.
10
What is -1 (base 5) in base 4?
-1
Convert -83 (base 14) to base 4.
-1303
-2 (base 9) to base 14
-2
What is c9 (base 14) in base 6?
453
What is 100001 (base 2) in base 3?
1020
155 (base 7) to base 3
10022
What is 8 (base 9) in base 16?
8
-31 (base 8) to base 3
-221
What is 13 (base 11) in base 4?
32
Convert 305 (base 6) to base 2.
1110001
Convert -14 (base 16) to base 8.
-24
What is -5 (base 11) in base 15?
-5
Convert 4 (base 15) to base 12.
4
Convert 8 (base 9) to base 2.
1000
Convert db (base 14) to base 8.
301
12 (base 3) to base 2
101
What is -15 (base 11) in base 5?
-31
What is -1 (base 3) in base 11?
-1
What is c (base 13) in base 12?
10
What is -61 (base 7) in base 10?
-43
What is -46 (base 12) in base 11?
-4a
Convert 2 (base 11) to base 9.
2
Convert 2 (base 5) to base 15.
2
-1100 (base 4) to base 2
-1010000
Convert -2 (base 15) to base 9.
-2
Convert -c (base 15) to base 9.
-13
100110111 (base 2) to base 11
263
Convert 11 (base 5) to base 9.
6
-1000 (base 2) to base 6
-12
Convert 75 (base 13) to base 6.
240
What is 304 (base 9) in base 5?
1442
Convert -38 (base 13) to base 5.
-142
-11 (base 9) to base 7
-13
What is -a (base 12) in base 6?
-14
Convert -3 (base 10) to base 11.
-3
What is 13 (base 12) in base 2?
1111
What is -57 (base 15) in base 5?
-312
Convert 30 (base 8) to base 16.
18
-1100 (base 2) to base 11
-11
What is -4 (base 13) in base 12?
-4
What is 1 (base 16) in base 8?
1
Convert -5 (base 9) to base 16.
-5
What is 30 (base 13) in base 7?
54
What is -5 (base 13) in base 2?
-101
Convert -6 (base 13) to base 7.
-6
What is 1 (base 12) in base 6?
1
What is 2 (base 5) in base 7?
2
Convert -2 (base 15) to base 9.
-2
Convert -101010 (base 2) to base 5.
-132
Convert -154 (base 13) to base 11.
-1a7
3 (base 4) to base 15
3
Convert 246 (base 7) to base 11.
110
Convert -4 (base 5) to base 9.
-4
What is 430 (base 6) in base 9?
200
Convert 1 (base 5) to base 10.
1
Convert 2 (base 3) to base 16.
2
What is -34 (base 5) in base 3?
-201
Convert 11 (base 2) to base 14.
3
28 (base 14) to base 8
44
What is 10 (base 2) in base 16?
2
Convert 1020 (base 3) to base 10.
33
What is -1 (base 12) in base 7?
-1
-4 (base 8) to base 3
-11
1101110 (base 2) to base 11
a0
7 (base 13) to base 2
111
3 (base 14) to base 5
3
What is -1 (base 6) in base 3?
-1
What is -3 (base 8) in base 5?
-3
Convert -3 (base 12) to base 5.
-3
Convert 7 (base 8) to base 14.
7
What is 13 (base 12) in base 2?
1111
Convert 27 (base 9) to base 10.
25
Convert -8d (base 14) to base 13.
-98
What is -1001110 (base 2) in base 5?
-303
19 (base 13) to base 14
18
-4c (base 16) to base 4
-1030
-11111 (base 2) to base 7
-43
11 (base 2) to base 10
3
-2 (base 11) to base 16
-2
-451 (base 6) to base 11
-14a
-101 (base 2) to base 13
-5
118 (base 11) to base 5
1030
Convert 11 (base 11) to base 3.
110
Convert -1 (base 12) to base 8.
-1
Convert -232 (base 9) to base 5.
-1231
Convert -3 (base 7) to base 5.
-3
Convert 0 (base 11) to base 9.
0
Convert -27 (base 8) to base 13.
-1a
100 (base 9) to base 16
51
3 (base 11) to base 14
3
What is 32 (base 5) in base 12?
15
What is -211 (base 7) in base 13?
-82
-36 (base 10) to base 7
-51
1b (base 13) to base 2
11000
-8 (base 16) to base 14
-8
What is -105 (base 7) in base 14?
-3c
Convert -8 (base 15) to base 3.
-22
What is -7a (base 12) in base 2?
-1011110
What is -2 (base 15) in base 10?
-2
What is 26 (base 14) in base 15?
24
What is -3 (base 11) in base 3?
-10
32 (base 7) to base 13
1a
45 (base 10) to base 13
36
31 (base 7) to base 6
34
What is -1 (base 7) in base 16?
-1
-1402 (base 5) to base 10
-227
Convert -3 (base 13) to base 12.
-3
-113 (base 4) to base 6
-35
Convert 0 (base 14) to base 12.
0
0 (base 11) to base 14
0
100 (base 3) to base 8
11
What is -a (base 16) in base 14?
-a
What is -2 (base 9) in base 10?
-2
322 (base 4) to base 6
134
Convert 4 (base 8) to base 7.
4
Convert -a1 (base 11) to base 7.
-216
What is -2 (base 5) in base 12?
-2
-153 (base 7) to base 14
-63
Convert -30 (base 4) to base 15.
-c
Convert -14 (base 16) to base 11.
-19
3 (base 14) to base 10
3
-8 (base 15) to base 2
-1000
What is 7 (base 12) in base 2?
111
58 (base 11) to base 6
143
What is 5 (base 15) in base 4?
11
32 (base 10) to base 9
35
61 (base 12) to base 2
1001001
What is 38 (base 10) in base 8?
46
Convert -26 (base 9) to base 7.
-33
Convert 3 (base 5) to base 7.
3
What is -6 (base 8) in base 16?
-6
What is -175 (base 9) in base 14?
-a9
-2 (base 9) to base 12
-2
-35 (base 6) to base 8
-27
ab (base 16) to base 8
253
Convert -5 (base 15) to base 4.
-11
What is -1101 (base 2) in base 6?
-21
1100 (base 3) to base 12
30
Convert -7 (base 8) to base 9.
-7
Convert 321 (base 5) to base 6.
222
What is 19 (base 15) in base 5?
44
Convert 36 (base 7) to base 14.
1d
3330 (base 4) to base 16
fc
Convert -8 (base 10) to base 15.
-8
What is 1002 (base 5) in base 13?
9a
What is -9 (base 11) in base 3?
-100
What is -6 (base 16) in base 6?
-10
What is 27 (base 15) in base 7?
52
What is 13 (base 11) in base 4?
32
Convert -10 (base 7) to base 14.
-7
2 (base 10) to base 5
2
What is 1b (base 13) in base 7?
33
132 (base 6) to base 10
56
-3 (base 4) to base 11
-3
103 (base 8) to base 2
1000011
Convert -1 (base 7) to base 4.
-1
0 (base 10) to base 3
0
-140 (base 10) to base 4
-2030
Convert 10110000 (base 2) to base 3.
20112
What is -5 (base 6) in base 15?
-5
Convert -10 (base 2) to base 14.
-2
What is -6 (base 16) in base 7?
-6
6 (base 10) to base 6
10
What is -210 (base 3) in base 6?
-33
What is 230 (base 5) in base 16?
41
What is -1 (base 14) in base 8?
-1
What is -5 (base 12) in base 15?
-5
What is -3 (base 5) in base 14?
-3
414 (base 9) to base 16
151
What is 4 (base 12) in base 6?
4
Convert 341 (base 7) to base 3.
20112
Convert 33 (base 11) to base 9.
40
Convert 3 (base 13) to base 3.
10
Convert 48 (base 14) to base 13.
4c
-8 (base 16) to base 9
-8
-11 (base 2) to base 6
-3
Convert -2021 (base 3) to base 16.
-3d
Convert -10 (base 8) to base 4.
-20
12122 (base 3) to base 15
a2
Convert 11020 (base 3) to base 4.
1302
7 (base 13) to base 12
7
What is 10 (base 10) in base 6?
14
-12 (base 16) to base 4
-102
11002 (base 4) to base 8
502
What is 91 (base 16) in base 11?
122
Convert -10122 